 of 193312 and 8032?
32
Calculate the highest common factor of 427 and 8284654.
427
What is the greatest common divisor of 2425591 and 67459?
2933
Calculate the greatest common factor of 13369213 and 11869.
143
Calculate the greatest common divisor of 37893620 and 30880.
3860
What is the greatest common divisor of 12896 and 11779664?
208
Calculate the highest common factor of 156 and 98628.
12
What is the highest common factor of 2981 and 86449271?
271
Calculate the greatest common divisor of 4602 and 72969.
39
What is the greatest common factor of 11695690 and 6165?
685
What is the greatest common factor of 14148 and 18359388?
4716
What is the highest common factor of 37659408 and 64?
16
What is the highest common factor of 14985 and 5168205?
405
What is the highest common divisor of 72974495 and 220?
55
Calculate the greatest common divisor of 157108 and 11922470.
2534
Calculate the highest common factor of 48970088 and 64.
8
What is the greatest common factor of 10500 and 38910?
30
Calculate the greatest common factor of 13265 and 11887335.
1895
What is the greatest common factor of 71768256 and 797?
797
Calculate the highest common factor of 13965 and 1173585.
105
Calculate the highest common divisor of 9063887 and 28.
7
Calculate the greatest common divisor of 2186 and 1073285559.
1093
What is the highest common factor of 414816 and 4253024?
928
Calculate the highest common divisor of 300 and 6392500.
100
What is the greatest common divisor of 180018495 and 135?
45
What is the highest common divisor of 710700608 and 64?
64
Calculate the greatest common factor of 494 and 3158.
2
Calculate the highest common divisor of 148407392 and 10704.
3568
Calculate the greatest common divisor of 96011 and 2144.
67
Calculate the highest common divisor of 6913971 and 189.
27
What is the greatest common factor of 35635 and 138819706?
7127
What is the highest common divisor of 1055 and 6757697?
211
What is the highest common factor of 56 and 3466552?
8
Calculate the greatest common factor of 5224264 and 24.
8
What is the greatest common factor of 59555863 and 178?
89
What is the greatest common factor of 25203056 and 9340?
1868
Calculate the highest common divisor of 8164378 and 1077.
359
What is the highest common factor of 472075 and 19090?
115
Calculate the greatest common factor of 17842404 and 12.
12
What is the greatest common factor of 11387776 and 640?
128
Calculate the highest common divisor of 87552 and 13851.
171
What is the greatest common factor of 37327647 and 57?
57
What is the highest common divisor of 17709657 and 69281?
2389
What is the greatest common divisor of 200090140 and 335?
335
Calculate the greatest common divisor of 402774328 and 176.
88
Calculate the highest common factor of 22752 and 8408128.
2528
What is the highest common divisor of 19229 and 31691?
67
Calculate the greatest common factor of 7074076 and 62.
62
Calculate the greatest common divisor of 27420508 and 1656.
92
What is the highest common divisor of 8778 and 1018710?
462
Calculate the highest common factor of 100837956 and 144.
12
Calculate the greatest common factor of 64005 and 57167760.
3765
What is the highest common factor of 10087936 and 190?
38
What is the highest common divisor of 272 and 131183458?
34
Calculate the highest common factor of 392207 and 25177.
17
What is the greatest common divisor of 272612 and 2448?
68
Calculate the greatest common divisor of 194744 and 13750.
22
What is the greatest common factor of 9163 and 48027210?
1309
What is the greatest common factor of 9429 and 127197?
21
Calculate the highest common divisor of 29394 and 35666353.
1633
What is the greatest common factor of 302685 and 3349?
17
What is the greatest common factor of 12826 and 5148?
22
What is the highest common divisor of 377340 and 9215?
95
What is the greatest common divisor of 107226 and 81622?
74
What is the highest common divisor of 490513 and 341?
31
What is the greatest common divisor of 322655 and 9611?
1373
What is the greatest common divisor of 12455808 and 796?
796
Calculate the highest common factor of 8424 and 22417317.
1053
What is the highest common divisor of 1163767 and 93060?
517
What is the greatest common factor of 194619773 and 4519?
4519
Calculate the highest common divisor of 63536739 and 63.
21
What is the greatest common divisor of 1648 and 2637212?
412
Calculate the highest common divisor of 27376256 and 1411.
17
What is the highest common factor of 106665 and 2235?
15
What is the greatest common divisor of 186292732 and 138?
46
What is the greatest common factor of 2222693 and 319?
11
What is the highest common factor of 173096 and 167552?
616
Calculate the highest common divisor of 38359400 and 279.
31
What is the highest common divisor of 94214474 and 246?
82
What is the highest common factor of 164625 and 21347253?
1317
What is the greatest common divisor of 201 and 886027899?
201
Calculate the greatest common factor of 10587326 and 3688.
922
What is the greatest common factor of 436825 and 1623575?
2525
Calculate the highest common factor of 951760 and 33200.
80
Calculate the highest common divisor of 5523 and 28828219.
1841
What is the highest common divisor of 80040670 and 80?
10
Calculate the highest common divisor of 524277 and 468.
117
Calculate the greatest common divisor of 2428 and 3232.
4
Calculate the highest common factor of 915633 and 1854.
9
What is the highest common factor of 4744 and 537824?
8
What is the highest common factor of 64 and 445936?
16
Calculate the greatest common divisor of 312318 and 90.
18
What is the greatest common factor of 2192023 and 725?
29
Calculate the greatest common divisor of 459564 and 98364.
84
Calculate the highest common factor of 254475072 and 1728.
576
Calculate the greatest common factor of 8822 and 1110770.
802
Calculate the greatest common divisor of 8289216 and 276048.
3888
What is the highest common divisor of 171 and 4492740?
57
Calculate the greatest common divisor of 5130 and 754395.
285
What is the greatest common divisor of 920 and 985308040?
920
What is the highest common divisor of 129567086 and 2332?
1166
What is the highest common divisor of 203246 and 100264?
302
What is the highest common divisor of 60800971 and 154?
77
What is the greatest common divisor of 11831124 and 1476?
492
Calculate the highest common factor of 27 and 352597104.
27
Calculate the greatest common factor of 59054810 and 1241.
73
Calculate the greatest common factor of 304001 and 17113.
109
What is the highest common divisor of 52638 and 16082890?
566
Calculate the greatest common divisor of 36397 and 6817.
17
Calculate the highest common divisor of 1991046 and 18.
6
What is the greatest common divisor of 36304 and 1041136?
16
Calculate the highest common divisor of 120548592 and 162.
18
What is the highest common factor of 1822 and 20396379?
911
Calculate the highest common factor of 368430 and 135.
15
What is the highest common divisor of 18951240 and 18690?
210
What is the greatest common factor of 174 and 323667666?
174
What is the highest common divisor of 4381211 and 73334?
991
Calculate the highest common factor of 22572342 and 24.
6
Calculate the greatest common divisor of 10600 and 17588368.
424
What is the greatest common factor of 610 and 183197030?
610
Calculate the greatest common factor of 11382504 and 72.
24
Calculate the highest common factor of 18071 and 9782789.
1063
Calculate the greatest common divisor of 56 and 40464914.
14
What is the greatest common divisor of 19 and 252951199?
19
What is the greatest common factor of 1261609 and 19?
1
What is the greatest common factor of 1679409 and 36?
9
Calculate the highest common divisor of 34 and 801516323.
17
What is the greatest common factor of 49 and 5365171?
7
What is the greatest common factor of 161403 and 675615?
219
What is the highest common divisor of 5973 and 43027501?
1991
Calculate the highest common divisor of 3082 and 12328.
3082
What is the highest common divisor of 23275 and 3748157?
49
What is the greatest common factor of 1020 and 292834860?
1020
What is the highest common factor of 1626183 and 1695?
339
What is the greatest common divisor of 65 and 16629899?
13
Calculate the greatest common factor of 58586 and 166